est common factor of 204 and 1479?
51
Calculate the highest common factor of 81 and 216.
27
What is the greatest common divisor of 255 and 969?
51
Calculate the highest common factor of 624 and 96.
48
Calculate the greatest common divisor of 45 and 15.
15
What is the greatest common divisor of 9821 and 92?
23
What is the highest common factor of 210 and 4170?
30
Calculate the greatest common divisor of 882 and 21.
21
What is the highest common divisor of 20 and 230?
10
What is the greatest common factor of 17 and 6324?
17
What is the greatest common factor of 32 and 544?
32
Calculate the greatest common factor of 8 and 1328.
8
What is the highest common divisor of 70 and 280?
70
Calculate the highest common factor of 72 and 762.
6
What is the highest common divisor of 104 and 8?
8
Calculate the highest common factor of 255 and 15.
15
Calculate the greatest common divisor of 15 and 6.
3
Calculate the greatest common divisor of 392 and 1.
1
Calculate the greatest common factor of 30 and 1470.
30
Calculate the highest common divisor of 130 and 182.
26
Calculate the greatest common factor of 22 and 4.
2
What is the greatest common divisor of 4026 and 22?
22
Calculate the highest common divisor of 15503 and 2514.
419
What is the greatest common factor of 1350 and 250?
50
Calculate the highest common divisor of 84 and 112.
28
Calculate the greatest common factor of 110 and 490.
10
What is the highest common factor of 644 and 84?
28
What is the greatest common factor of 15 and 40?
5
What is the greatest common divisor of 21 and 819?
21
Calculate the greatest common divisor of 194 and 31622.
194
What is the greatest common factor of 19012 and 294?
98
What is the greatest common factor of 650 and 1250?
50
Calculate the greatest common divisor of 275 and 55.
55
What is the greatest common factor of 2563 and 22?
11
Calculate the greatest common divisor of 2030 and 70.
70
Calculate the greatest common factor of 290 and 590.
10
What is the highest common factor of 180 and 3210?
30
Calculate the highest common factor of 194 and 2813.
97
Calculate the greatest common divisor of 288 and 171.
9
Calculate the highest common divisor of 86 and 129.
43
Calculate the highest common divisor of 3 and 7.
1
What is the highest common factor of 4 and 2116?
4
Calculate the highest common factor of 4964 and 68.
68
Calculate the highest common divisor of 47 and 1.
1
Calculate the highest common factor of 125 and 27500.
125
Calculate the highest common divisor of 21 and 609.
21
What is the greatest common factor of 84 and 308?
28
What is the greatest common divisor of 49 and 798?
7
Calculate the highest common factor of 520 and 65.
65
Calculate the greatest common factor of 1 and 1579.
1
Calculate the greatest common factor of 50 and 2.
2
What is the greatest common divisor of 2916 and 432?
108
Calculate the highest common factor of 13 and 325.
13
What is the greatest common divisor of 148 and 12?
4
What is the greatest common divisor of 98 and 49?
49
What is the highest common divisor of 52 and 923?
13
Calculate the highest common divisor of 234 and 54.
18
What is the highest common divisor of 6064 and 56?
8
Calculate the highest common divisor of 4932 and 108.
36
Calculate the greatest common factor of 522 and 232.
58
What is the greatest common divisor of 3498 and 132?
66
What is the greatest common factor of 2921 and 529?
23
Calculate the greatest common divisor of 768 and 8928.
96
What is the highest common factor of 770 and 140?
70
What is the greatest common factor of 42 and 462?
42
What is the greatest common factor of 18 and 13023?
9
Calculate the greatest common divisor of 280 and 24.
8
What is the highest common factor of 1015 and 220?
5
What is the greatest common factor of 13575 and 75?
75
What is the highest common factor of 670 and 320?
10
Calculate the highest common factor of 1591 and 74.
37
Calculate the greatest common factor of 212 and 8374.
106
What is the greatest common factor of 407 and 851?
37
What is the greatest common divisor of 55 and 374?
11
What is the highest common factor of 171 and 4788?
171
What is the greatest common divisor of 2299 and 19?
19
What is the highest common divisor of 76 and 11?
1
What is the greatest common factor of 493 and 17?
17
Calculate the greatest common divisor of 175 and 910.
35
Calculate the highest common divisor of 30 and 618.
6
What is the highest common divisor of 279 and 868?
31
Calculate the greatest common factor of 45 and 2277.
9
Calculate the highest common factor of 232 and 58.
58
What is the greatest common factor of 12944 and 80?
16
Calculate the greatest common factor of 655 and 131.
131
What is the highest common factor of 5 and 320?
5
Calculate the highest common divisor of 305 and 244.
61
Calculate the greatest common divisor of 51 and 1156.
17
Calculate the greatest common factor of 52 and 32.
4
Calculate the greatest common divisor of 141 and 470.
47
What is the highest common divisor of 11 and 11264?
11
Calculate the highest common factor of 225 and 25.
25
What is the highest common divisor of 273 and 117?
39
Calculate the greatest common divisor of 697 and 82.
41
Calculate the greatest common factor of 1224 and 48.
24
Calculate the greatest common divisor of 105 and 5.
5
What is the highest common factor of 46 and 1058?
46
Calculate the greatest common divisor of 192 and 18.
6
Calculate the highest common factor of 20 and 3980.
20
What is the greatest common divisor of 111 and 148?
37
What is the greatest common factor of 2 and 1434?
2
What is the highest common divisor of 185 and 9065?
185
Calculate the greatest common divisor of 27 and 2169.
9
Calculate the highest common divisor of 62 and 1271.
31
Calculate the greatest common divisor of 117 and 45.
9
Calculate the highest common divisor of 340 and 12.
4
Calculate the greatest common divisor of 16 and 1024.
16
Calculate the highest common divisor of 104 and 16.
8
What is the greatest common divisor of 2240 and 21?
7
Calculate the highest common divisor of 90 and 117.
9
Calculate the highest common factor of 1 and 66.
1
What is the greatest common factor of 50 and 29350?
50
What is the greatest common factor of 714 and 42?
42
What is the greatest common divisor of 854 and 28?
14
Calculate the highest common divisor of 204 and 216.
12
What is the greatest common divisor of 651 and 42?
21
Calculate the greatest common factor of 8 and 40.
8
What is the highest common divisor of 756 and 210?
42
Calculate the highest common divisor of 637 and 65.
13
Calculate the greatest common divisor of 4242 and 126.
42
What is the highest common factor of 715 and 22?
11
Calculate the greatest common divisor of 111 and 2923.
37
Calculate the greatest common divisor of 20 and 395.
5
What is the greatest common divisor of 50 and 7550?
50
Calculate the highest common divisor of 2065 and 140.
35
Calculate the highest common divisor of 1551 and 282.
141
What is the greatest common divisor of 58 and 4321?
29
What is the highest common factor of 540 and 405?
135
Calculate the greatest common divisor of 897 and 69.
69
What is the highest common divisor of 120 and 45?
15
What is the highest common divisor of 3 and 48?
3
Calculate the greatest common factor of 63 and 84.
21
Calculate the highest common factor of 1000 and 280.
40
Calculate the highest common factor of 784 and 4.
4
What is the greatest common divisor of 36 and 60?
12
What is the highest common divisor of 34 and 51?
17
What is the greatest common divisor of 1248 and 156?
156
What is the greatest common divisor of 512 and 48?
16
Calculate the greatest common factor of 54 and 42.
6
What is the highest common divisor of 410 and 10?
10
Calculate the greatest common divisor of 644 and 16261.
161
Calculate the greatest common factor of 2 and 314.
2
What is the highest common divisor of 1005 and 1072?
67
What is the greatest common divisor of 909 and 505?
101
Calculate the highest common divisor of 144 and 1944.
72
Calculate the greatest common factor of 6576 and 168.
24
What is the highest common factor of 255 and 30?
15
Calculate the highest common factor of 918 and 34578.
306
Calculate the greatest common divisor of 2088 and 1368.
72
What is the greatest common factor of 33 and 12?
3
Calculate the highest c